{"id":80,"date":"2015-06-08T20:12:15","date_gmt":"2015-06-08T20:12:15","guid":{"rendered":"http:\/\/www.investigacionsalud.gob.ec\/webs\/cim\/?page_id=80"},"modified":"2023-01-20T21:29:29","modified_gmt":"2023-01-20T21:29:29","slug":"contacto","status":"publish","type":"page","link":"https:\/\/www.investigacionsalud.gob.ec\/webs\/cim\/contacto\/","title":{"rendered":"CONTACTO"},"content":{"rendered":"<p><strong><span style=\"color: #333333;\">Instituto Nacional de Investigaci\u00f3n en Salud P\u00fablica<\/span><\/strong><\/p>\n<p><span style=\"color: #999999;\"><strong>Centro de investigaci\u00f3n Multidisciplinario<\/strong><\/span><br \/>\n<strong>Direcci\u00f3n:<\/strong> Av. Juli\u00e1n Coronel 905 entre Esmeraldas y Jos\u00e9 Mascote<br \/>\n<strong>Fono:<\/strong> 022565858 \/ 022552715 Ext. 128, 129<br \/>\n<strong>Guayaquil \u2013 Ecuador<\/strong><\/p>\n<p><strong>Responsable del CIM<\/strong><\/p>\n","protected":false},"excerpt":{"rendered":"<p>Instituto Nacional de Investigaci\u00f3n en Salud P\u00fablica Centro de investigaci\u00f3n Multidisciplinario Direcci\u00f3n: Av. Juli\u00e1n Coronel 905 entre Esmeraldas y Jos\u00e9 Mascote Fono: 022565858 \/ 022552715 Ext. 128, 129 Guayaquil \u2013 Ecuador Responsable del CIM<\/p>\n","protected":false},"author":2,"featured_media":0,"parent":0,"menu_order":0,"comment_status":"open","ping_status":"open","template":"","meta":[],"_links":{"self":[{"href":"https:\/\/www.investigacionsalud.gob.ec\/webs\/cim\/wp-json\/wp\/v2\/pages\/80"}],"collection":[{"href":"https:\/\/www.investigacionsalud.gob.ec\/webs\/cim\/wp-json\/wp\/v2\/pages"}],"about":[{"href":"https:\/\/www.investigacionsalud.gob.ec\/webs\/cim\/wp-json\/wp\/v2\/types\/page"}],"author":[{"embeddable":true,"href":"https:\/\/www.investigacionsalud.gob.ec\/webs\/cim\/wp-json\/wp\/v2\/users\/2"}],"replies":[{"embeddable":true,"href":"https:\/\/www.investigacionsalud.gob.ec\/webs\/cim\/wp-json\/wp\/v2\/comments?post=80"}],"version-history":[{"count":9,"href":"https:\/\/www.investigacionsalud.gob.ec\/webs\/cim\/wp-json\/wp\/v2\/pages\/80\/revisions"}],"predecessor-version":[{"id":2298,"href":"https:\/\/www.investigacionsalud.gob.ec\/webs\/cim\/wp-json\/wp\/v2\/pages\/80\/revisions\/2298"}],"wp:attachment":[{"href":"https:\/\/www.investigacionsalud.gob.ec\/webs\/cim\/wp-json\/wp\/v2\/media?parent=80"}],"curies":[{"name":"wp","href":"https:\/\/api.w.org\/{rel}","templated":true}]}}